{"id":2435,"date":"2024-02-14T10:45:17","date_gmt":"2024-02-14T10:45:17","guid":{"rendered":"http:\/\/www.thefertilitydirectory.com\/?page_id=2435"},"modified":"2024-02-14T13:07:29","modified_gmt":"2024-02-14T13:07:29","slug":"quienes-somos","status":"publish","type":"page","link":"https:\/\/www.thefertilitydirectory.com\/?page_id=2435&lang=es","title":{"rendered":"Qui\u00e9nes somos"},"content":{"rendered":"<div id='av_section_1'  class='avia-section av-c6gimb-54e1ecfc164a8cae77aa45da738fb4e0 main_color avia-section-default avia-no-border-styling  avia-builder-el-0  el_before_av_section  avia-builder-el-first  avia-bg-style-scroll container_wrap sidebar_right'  ><div class='container av-section-cont-open' ><main  role=\"main\" itemprop=\"mainContentOfPage\"  class='template-page content  av-content-small alpha units'><div class='post-entry post-entry-type-page post-entry-2435'><div class='entry-content-wrapper clearfix'>\n<div  class='flex_column av-4rebib-c26ce7a5fd979dafaacc41290b36f175 av_one_half  avia-builder-el-1  el_before_av_one_half  avia-builder-el-first  first flex_column_div  '     ><p>\n<style type=\"text\/css\" data-created_by=\"avia_inline_auto\" id=\"style-css-av-lslt49kv-97274fc7f4929ea8f454174ba66b4c21\">\n#top .av-special-heading.av-lslt49kv-97274fc7f4929ea8f454174ba66b4c21{\npadding-bottom:10px;\n}\nbody .av-special-heading.av-lslt49kv-97274fc7f4929ea8f454174ba66b4c21 .av-special-heading-tag .heading-char{\nfont-size:25px;\n}\n.av-special-heading.av-lslt49kv-97274fc7f4929ea8f454174ba66b4c21 .av-subheading{\nfont-size:15px;\n}\n<\/style>\n<div  class='av-special-heading av-lslt49kv-97274fc7f4929ea8f454174ba66b4c21 av-special-heading-h1 blockquote modern-quote  avia-builder-el-2  el_before_av_textblock  avia-builder-el-first '><h1 class='av-special-heading-tag'  itemprop=\"headline\"  >Qui\u00e9nes somos<\/h1><div class=\"special-heading-border\"><div class=\"special-heading-inner-border\"><\/div><\/div><\/div><br \/>\n<section  class='av_textblock_section av-lslo18pu-1227e6d025e5f47f4b5b5e5a232fe1d8 '   itemscope=\"itemscope\" itemtype=\"https:\/\/schema.org\/CreativeWork\" ><div class='avia_textblock'  itemprop=\"text\" ><p>En WEB.com, nos dedicamos a ayudar a los padres en su viaje hacia la fertilidad a trav\u00e9s de la transparencia y la elecci\u00f3n.<\/p>\n<p>Estamos desarrollando una plataforma de b\u00fasqueda global que conecta a los pacientes con las cl\u00ednicas de FIV y las agencias de gestaci\u00f3n subrogada m\u00e1s innovadoras. Nuestro objetivo es ofrecer una red de socios confiables que han sido cuidadosamente evaluados para garantizar los m\u00e1s altos est\u00e1ndares de atenci\u00f3n y las tasas de \u00e9xito m\u00e1s destacadas.<\/p>\n<p>En nuestra plataforma, los pacientes pueden explorar m\u00e1s de 500 programas de tratamiento de fertilidad ofrecidos por profesionales en el campo de la Reproducci\u00f3n Asistida. Con el objetivo de cuidar el bienestar emocional de los pacientes, ofrecemos la posibilidad de comparar tratamientos de FIV, subrogaci\u00f3n, IIU (Inseminaci\u00f3n Intrauterina) y congelaci\u00f3n en cl\u00ednicas ubicadas en varios pa\u00edses.<\/p>\n<p>Estamos comprometidos en proporcionar a los padres opciones informadas y transparentes para que puedan tomar decisiones fundamentadas en su viaje hacia la paternidad. Nuestro enfoque se centra en brindarles una experiencia de b\u00fasqueda confiable y personalizada, con el coraz\u00f3n en mente.<\/p>\n<\/div><\/section><\/p><\/div><div  class='flex_column av-11rwj-4b3aae1ebe20471e4f866a4cf67a9018 av_one_half  avia-builder-el-4  el_after_av_one_half  el_before_av_one_half  flex_column_div  '     ><style type=\"text\/css\" data-created_by=\"avia_inline_auto\" id=\"style-css-av-lslt34f1-9c90e5c8c11041754828922f14b7df69\">\n.avia-image-container.av-lslt34f1-9c90e5c8c11041754828922f14b7df69 img.avia_image{\nbox-shadow:none;\n}\n.avia-image-container.av-lslt34f1-9c90e5c8c11041754828922f14b7df69 .av-image-caption-overlay-center{\ncolor:#ffffff;\n}\n<\/style>\n<div  class='avia-image-container av-lslt34f1-9c90e5c8c11041754828922f14b7df69 av-styling- avia-align-center  avia-builder-el-5  avia-builder-el-no-sibling '   itemprop=\"image\" itemscope=\"itemscope\" itemtype=\"https:\/\/schema.org\/ImageObject\" ><div class=\"avia-image-container-inner\"><div class=\"avia-image-overlay-wrap\"><img decoding=\"async\" fetchpriority=\"high\" class='wp-image-2466 avia-img-lazy-loading-not-2466 avia_image ' src=\"https:\/\/www.thefertilitydirectory.com\/wp-content\/uploads\/2024\/02\/pareja-con-bebe1.jpg\" alt='pareja con bebe' title='pareja con bebe(1)'  height=\"679\" width=\"1023\"  itemprop=\"thumbnailUrl\" srcset=\"https:\/\/www.thefertilitydirectory.com\/wp-content\/uploads\/2024\/02\/pareja-con-bebe1.jpg 1023w, https:\/\/www.thefertilitydirectory.com\/wp-content\/uploads\/2024\/02\/pareja-con-bebe1-300x199.jpg 300w, https:\/\/www.thefertilitydirectory.com\/wp-content\/uploads\/2024\/02\/pareja-con-bebe1-768x510.jpg 768w, https:\/\/www.thefertilitydirectory.com\/wp-content\/uploads\/2024\/02\/pareja-con-bebe1-705x468.jpg 705w\" sizes=\"(max-width: 1023px) 100vw, 1023px\" \/><\/div><\/div><\/div><\/div><div  class='flex_column av-2pnzyb-ff5323e165ca7d3881367bab592c8b4c av_one_half  avia-builder-el-6  el_after_av_one_half  el_before_av_one_half  first flex_column_div  column-top-margin'     ><style type=\"text\/css\" data-created_by=\"avia_inline_auto\" id=\"style-css-av-lslpk1h0-e8178e4b691fadb16e5464c0d3e1c650\">\n.avia-image-container.av-lslpk1h0-e8178e4b691fadb16e5464c0d3e1c650 img.avia_image{\nbox-shadow:none;\n}\n.avia-image-container.av-lslpk1h0-e8178e4b691fadb16e5464c0d3e1c650 .av-image-caption-overlay-center{\ncolor:#ffffff;\n}\n<\/style>\n<div  class='avia-image-container av-lslpk1h0-e8178e4b691fadb16e5464c0d3e1c650 av-styling- avia-align-center  avia-builder-el-7  avia-builder-el-no-sibling '   itemprop=\"image\" itemscope=\"itemscope\" itemtype=\"https:\/\/schema.org\/ImageObject\" ><div class=\"avia-image-container-inner\"><div class=\"avia-image-overlay-wrap\"><img decoding=\"async\" fetchpriority=\"high\" class='wp-image-2444 avia-img-lazy-loading-not-2444 avia_image ' src=\"https:\/\/www.thefertilitydirectory.com\/wp-content\/uploads\/2024\/02\/embarazo1.jpg\" alt='embarazo' title='embarazo(1)'  height=\"519\" width=\"1019\"  itemprop=\"thumbnailUrl\" srcset=\"https:\/\/www.thefertilitydirectory.com\/wp-content\/uploads\/2024\/02\/embarazo1.jpg 1019w, https:\/\/www.thefertilitydirectory.com\/wp-content\/uploads\/2024\/02\/embarazo1-300x153.jpg 300w, https:\/\/www.thefertilitydirectory.com\/wp-content\/uploads\/2024\/02\/embarazo1-768x391.jpg 768w, https:\/\/www.thefertilitydirectory.com\/wp-content\/uploads\/2024\/02\/embarazo1-705x359.jpg 705w\" sizes=\"(max-width: 1019px) 100vw, 1019px\" \/><\/div><\/div><\/div><\/div><div  class='flex_column av-57e0tf-5f6f9a72f8578fa612ac9dc667f827dc av_one_half  avia-builder-el-8  el_after_av_one_half  avia-builder-el-last  flex_column_div  column-top-margin'     ><p>\n<style type=\"text\/css\" data-created_by=\"avia_inline_auto\" id=\"style-css-av-30xipv-19c49345d7ba1016e96daf9ba52e43cb\">\n#top .hr.hr-invisible.av-30xipv-19c49345d7ba1016e96daf9ba52e43cb{\nheight:10px;\n}\n<\/style>\n<div  class='hr av-30xipv-19c49345d7ba1016e96daf9ba52e43cb hr-invisible  avia-builder-el-9  el_before_av_heading  avia-builder-el-first '><span class='hr-inner '><span class=\"hr-inner-style\"><\/span><\/span><\/div><br \/>\n\n<style type=\"text\/css\" data-created_by=\"avia_inline_auto\" id=\"style-css-av-4xtsub-960931853581f4d3dc4ee01d4f42514c\">\n#top .av-special-heading.av-4xtsub-960931853581f4d3dc4ee01d4f42514c{\npadding-bottom:10px;\n}\nbody .av-special-heading.av-4xtsub-960931853581f4d3dc4ee01d4f42514c .av-special-heading-tag .heading-char{\nfont-size:25px;\n}\n.av-special-heading.av-4xtsub-960931853581f4d3dc4ee01d4f42514c .av-subheading{\nfont-size:15px;\n}\n<\/style>\n<div  class='av-special-heading av-4xtsub-960931853581f4d3dc4ee01d4f42514c av-special-heading-h2 blockquote modern-quote  avia-builder-el-10  el_after_av_hr  el_before_av_textblock '><h2 class='av-special-heading-tag'  itemprop=\"headline\"  >Nuestros objetivos<\/h2><div class=\"special-heading-border\"><div class=\"special-heading-inner-border\"><\/div><\/div><\/div><br \/>\n\n<style type=\"text\/css\" data-created_by=\"avia_inline_auto\" id=\"style-css-av-2ssb5v-8480e98abc25f570bcc5c0d4a7b9404f\">\n#top .av_textblock_section.av-2ssb5v-8480e98abc25f570bcc5c0d4a7b9404f .avia_textblock{\nfont-size:16px;\n}\n<\/style>\n<section  class='av_textblock_section av-2ssb5v-8480e98abc25f570bcc5c0d4a7b9404f '   itemscope=\"itemscope\" itemtype=\"https:\/\/schema.org\/CreativeWork\" ><div class='avia_textblock'  itemprop=\"text\" ><ul>\n<li>Proporcionar una atenci\u00f3n sanitaria excepcional en materia de fertilidad y un apoyo individualizado para satisfacer las necesidades y expectativas de los pacientes.<\/li>\n<li>Hacer que los tratamientos de fertilidad sean m\u00e1s accesibles, menos estresantes y m\u00e1s transparentes.<\/li>\n<li>Acortar el plazo hasta el embarazo ofreciendo el tratamiento m\u00e1s adecuado en el mejor centro y a la primera.<\/li>\n<\/ul>\n<\/div><\/section><\/p><\/div><\/div><\/div><\/main><!-- close content main element --><\/div><\/div><div id='av_section_2'  class='avia-section av-t4sib-b58ab1c1367f72f18991308c6c87857d main_color avia-section-default avia-no-border-styling  avia-builder-el-12  el_after_av_section  el_before_av_section  avia-bg-style-scroll container_wrap sidebar_right'  ><div class='container av-section-cont-open' ><div class='template-page content  av-content-small alpha units'><div class='post-entry post-entry-type-page post-entry-2435'><div class='entry-content-wrapper clearfix'>\n\n<style type=\"text\/css\" data-created_by=\"avia_inline_auto\" id=\"style-css-av-lslp2bbw-fb8691a94ae1f2a8382c7d7719df204e\">\n#top .av-special-heading.av-lslp2bbw-fb8691a94ae1f2a8382c7d7719df204e{\npadding-bottom:10px;\n}\nbody .av-special-heading.av-lslp2bbw-fb8691a94ae1f2a8382c7d7719df204e .av-special-heading-tag .heading-char{\nfont-size:25px;\n}\n.av-special-heading.av-lslp2bbw-fb8691a94ae1f2a8382c7d7719df204e .av-subheading{\nfont-size:15px;\n}\n<\/style>\n<div  class='av-special-heading av-lslp2bbw-fb8691a94ae1f2a8382c7d7719df204e av-special-heading-h2 blockquote modern-quote modern-centered  avia-builder-el-13  el_before_av_hr  avia-builder-el-first '><h2 class='av-special-heading-tag'  itemprop=\"headline\"  >En WEB.com somos diferentes<\/h2><div class='av-subheading av-subheading_below'><p>Veamos por qu\u00e9 elegir WEB.com y en qu\u00e9 nos diferenciamos de los dem\u00e1s<\/p>\n<\/div><div class=\"special-heading-border\"><div class=\"special-heading-inner-border\"><\/div><\/div><\/div>\n\n<style type=\"text\/css\" data-created_by=\"avia_inline_auto\" id=\"style-css-av-2ylxgj-873a70f63400c4f11b7da14871f105e7\">\n#top .hr.hr-invisible.av-2ylxgj-873a70f63400c4f11b7da14871f105e7{\nheight:50px;\n}\n<\/style>\n<div  class='hr av-2ylxgj-873a70f63400c4f11b7da14871f105e7 hr-invisible  avia-builder-el-14  el_after_av_heading  el_before_av_one_third '><span class='hr-inner '><span class=\"hr-inner-style\"><\/span><\/span><\/div>\n<div  class='flex_column av-mk5zn-1cd1aea75861c0fd5bce95ca597303be av_one_third  avia-builder-el-15  el_after_av_hr  el_before_av_one_third  first flex_column_div  '     ><style type=\"text\/css\" data-created_by=\"avia_inline_auto\" id=\"style-css-av-lslp3dy0-8d6ed43316e9b26a2c74ce4c860d265e\">\n.iconbox.av-lslp3dy0-8d6ed43316e9b26a2c74ce4c860d265e .iconbox_content_container{\nfont-size:16px;\n}\n<\/style>\n<article  class='iconbox iconbox_left av-lslp3dy0-8d6ed43316e9b26a2c74ce4c860d265e  avia-builder-el-16  avia-builder-el-no-sibling '  itemscope=\"itemscope\" itemtype=\"https:\/\/schema.org\/CreativeWork\" ><div class=\"iconbox_content\"><header class=\"entry-content-header\"><div class=\"iconbox_icon heading-color\" aria-hidden='true' data-av_icon='\uf2b5' data-av_iconfont='fontello'><\/div><h3 class='iconbox_content_title '  itemprop=\"headline\" >\u00bfA qui\u00e9n estamos ayudando?<\/h3><\/header><div class='iconbox_content_container '  itemprop=\"text\" ><ul>\n<li>Hombres solteros que desean iniciar viaje de subrogaci\u00f3n.<\/li>\n<li>Mujeres solteras que sue\u00f1an con sus peque\u00f1os milagros.<\/li>\n<li>Parejas heterosexuales que desean tener una nueva incorporaci\u00f3n a sus familias.<\/li>\n<li>Los solteros LGBT+ y parejas que buscan completar sus familias.<\/li>\n<\/ul>\n<\/div><\/div><footer class=\"entry-footer\"><\/footer><\/article><\/div><div  class='flex_column av-3zpnvn-4e8567d2887436d136434c2857db8797 av_one_third  avia-builder-el-17  el_after_av_one_third  el_before_av_one_third  flex_column_div  '     ><style type=\"text\/css\" data-created_by=\"avia_inline_auto\" id=\"style-css-av-lslp8fk0-f6cf9fc4786bbfe8b246da9661a6795e\">\n.iconbox.av-lslp8fk0-f6cf9fc4786bbfe8b246da9661a6795e .iconbox_content_container{\nfont-size:16px;\n}\n<\/style>\n<article  class='iconbox iconbox_left av-lslp8fk0-f6cf9fc4786bbfe8b246da9661a6795e  avia-builder-el-18  avia-builder-el-no-sibling '  itemscope=\"itemscope\" itemtype=\"https:\/\/schema.org\/CreativeWork\" ><div class=\"iconbox_content\"><header class=\"entry-content-header\"><div class=\"iconbox_icon heading-color\" aria-hidden='true' data-av_icon='\ue800' data-av_iconfont='fontello'><\/div><h3 class='iconbox_content_title '  itemprop=\"headline\" >Opciones de reproducci\u00f3n asistida<\/h3><\/header><div class='iconbox_content_container '  itemprop=\"text\" ><ul>\n<li>200 programas de IUI.<\/li>\n<li>300 programas de FIV.<\/li>\n<li>M\u00e1s de 100 destinos para opciones de Preservaci\u00f3n de Fertilidad.<\/li>\n<li>6o de los mejores destinos de pa\u00edses para gestaci\u00f3n subrogada.<\/li>\n<li>Programas para donantes de \u00f3vulos.<\/li>\n<li>Otros 200 programas.<\/li>\n<\/ul>\n<\/div><\/div><footer class=\"entry-footer\"><\/footer><\/article><\/div><div  class='flex_column av-25oh6b-a2a02c40afb67452c712182b7a0d9208 av_one_third  avia-builder-el-19  el_after_av_one_third  avia-builder-el-last  flex_column_div  '     ><style type=\"text\/css\" data-created_by=\"avia_inline_auto\" id=\"style-css-av-lslpb9y9-4cdf029ce232ba43c1dc1698a1c3e9ab\">\n.iconbox.av-lslpb9y9-4cdf029ce232ba43c1dc1698a1c3e9ab .iconbox_content_container{\nfont-size:16px;\n}\n<\/style>\n<article  class='iconbox iconbox_left av-lslpb9y9-4cdf029ce232ba43c1dc1698a1c3e9ab  avia-builder-el-20  avia-builder-el-no-sibling '  itemscope=\"itemscope\" itemtype=\"https:\/\/schema.org\/CreativeWork\" ><div class=\"iconbox_content\"><header class=\"entry-content-header\"><div class=\"iconbox_icon heading-color\" aria-hidden='true' data-av_icon='\uf0f8' data-av_iconfont='fontello'><\/div><h3 class='iconbox_content_title '  itemprop=\"headline\" >Agencias de Cl\u00ednicas y Ubicaciones<\/h3><\/header><div class='iconbox_content_container '  itemprop=\"text\" ><ul>\n<li>M\u00e1s de 1000 cl\u00ednicas de fertilidad y unidades de FIV<\/li>\n<li>M\u00e1s de 250 agencias de gestaci\u00f3n subrogada<\/li>\n<li>M\u00e1s de 100 pa\u00edses<\/li>\n<li>M\u00e1s de 25 destinos principales para opciones de FIV<\/li>\n<li>M\u00e1s de 30 destinos principales para opciones de IIU<\/li>\n<li>Blog de actualizaci\u00f3n semanal sobre nuevos destinos emergentes<\/li>\n<\/ul>\n<\/div><\/div><footer class=\"entry-footer\"><\/footer><\/article><\/div>\n<\/p>\n<\/div><\/div><\/div><!-- close content main div --><\/div><\/div>\n<style type=\"text\/css\" data-created_by=\"avia_inline_auto\" id=\"style-css-av-2loe77-2c28dc543a05530f2ed9d06e0ceb0d6e\">\n.avia-section.av-2loe77-2c28dc543a05530f2ed9d06e0ceb0d6e{\nbackground-color:#c9c9c9;\nbackground-repeat:no-repeat;\nbackground-image:url(https:\/\/www.thefertilitydirectory.com\/wp-content\/uploads\/2024\/02\/bg-pattern.png), linear-gradient( to bottom right, #c9c9c9, #ffffff, #ffffff );\nbackground-position:100% 100%;\nbackground-attachment:scroll;\n}\n<\/style>\n<div id='av_section_3'  class='avia-section av-2loe77-2c28dc543a05530f2ed9d06e0ceb0d6e main_color avia-section-default avia-shadow  avia-builder-el-21  el_after_av_section  avia-builder-el-last  avia-bg-style-scroll container_wrap sidebar_right'  data-section-bg-repeat='no-repeat'><div class='container av-section-cont-open' ><div class='template-page content  av-content-small alpha units'><div class='post-entry post-entry-type-page post-entry-2435'><div class='entry-content-wrapper clearfix'>\n<div  class='flex_column av-4mhx77-32a10edb9f5284bd8e8c038a0e70ef53 av_one_half  avia-builder-el-22  el_before_av_one_half  avia-builder-el-first  first flex_column_div  '     ><p>\n<style type=\"text\/css\" data-created_by=\"avia_inline_auto\" id=\"style-css-av-lslsg0jc-b9682ea8958d617175e50b47e604f34c\">\n#top .av-special-heading.av-lslsg0jc-b9682ea8958d617175e50b47e604f34c{\npadding-bottom:10px;\n}\nbody .av-special-heading.av-lslsg0jc-b9682ea8958d617175e50b47e604f34c .av-special-heading-tag .heading-char{\nfont-size:25px;\n}\n.av-special-heading.av-lslsg0jc-b9682ea8958d617175e50b47e604f34c .av-subheading{\nfont-size:15px;\n}\n<\/style>\n<div  class='av-special-heading av-lslsg0jc-b9682ea8958d617175e50b47e604f34c av-special-heading-h2 blockquote modern-quote  avia-builder-el-23  el_before_av_textblock  avia-builder-el-first '><h2 class='av-special-heading-tag'  itemprop=\"headline\"  >Formulario de contacto<\/h2><div class=\"special-heading-border\"><div class=\"special-heading-inner-border\"><\/div><\/div><\/div><br \/>\n<section  class='av_textblock_section av-lslsfhf5-271eb819e1b0dcb2e3267dd921d888c5 '   itemscope=\"itemscope\" itemtype=\"https:\/\/schema.org\/CreativeWork\" ><div class='avia_textblock'  itemprop=\"text\" ><p>\u00a1Gracias por tu inter\u00e9s en contactarnos! En WEB.com, valoramos cada consulta y estamos aqu\u00ed para brindarte la informaci\u00f3n que necesitas. Si tienes alguna pregunta, inquietud o simplemente deseas obtener m\u00e1s detalles sobre nuestros servicios de fertilidad, te invitamos cordialmente a utilizar nuestro formulario de contacto.<\/p>\n<p>Nuestro formulario de contacto es una manera f\u00e1cil y conveniente de comunicarte con nosotros. Simplemente completa los campos requeridos con tus datos personales y proporciona una descripci\u00f3n clara de tu consulta. Nos aseguraremos de que tu mensaje llegue directamente a nuestro equipo especializado.<\/p>\n<p>Entendemos lo importante que es para ti recibir una respuesta r\u00e1pida y precisa. Por eso, nos comprometemos a revisar tu mensaje detenidamente y a responderlo en breve. Nuestro equipo de expertos est\u00e1 preparado para brindarte la asistencia y orientaci\u00f3n que necesitas durante tu viaje hacia la fertilidad.<\/p>\n<p>Adem\u00e1s, queremos asegurarte que tu privacidad y confidencialidad son de suma importancia para nosotros. Todos los datos que nos proporciones a trav\u00e9s del formulario de contacto ser\u00e1n tratados de acuerdo con nuestras <a href=\"http:\/\/www.thefertilitydirectory.com\/politicas-de-privacidad\/\">pol\u00edticas de privacidad<\/a> y protecci\u00f3n de datos.<\/p>\n<\/div><\/section><\/p><\/div><div  class='flex_column av-2e0rcz-10a71df9da3606de8d05e496f462c624 av_one_half  avia-builder-el-25  el_after_av_one_half  avia-builder-el-last  flex_column_div  '     ><p>\n<style type=\"text\/css\" data-created_by=\"avia_inline_auto\" id=\"style-css-av-lslsi8n3-811cd33874aba0c521de78eba28634cc\">\n#top .hr.hr-invisible.av-lslsi8n3-811cd33874aba0c521de78eba28634cc{\nheight:10px;\n}\n<\/style>\n<div  class='hr av-lslsi8n3-811cd33874aba0c521de78eba28634cc hr-invisible  avia-builder-el-26  el_before_av_codeblock  avia-builder-el-first '><span class='hr-inner '><span class=\"hr-inner-style\"><\/span><\/span><\/div><br \/>\n<\/p><\/div>\n<\/div><\/div><\/div><!-- close content main div --><\/div><\/div><div id='after_section_3'  class='main_color av_default_container_wrap container_wrap sidebar_right'  ><div class='container av-section-cont-open' ><div class='template-page content  av-content-small alpha units'><div class='post-entry post-entry-type-page post-entry-2435'><div class='entry-content-wrapper clearfix'>\n<div style='text-align:center' class='yasr-auto-insert-visitor'><\/div>","protected":false},"excerpt":{"rendered":"","protected":false},"author":1,"featured_media":0,"parent":0,"menu_order":0,"comment_status":"closed","ping_status":"closed","template":"","meta":{"yasr_overall_rating":0,"yasr_post_is_review":"","yasr_auto_insert_disabled":"","yasr_review_type":"","_joinchat":[],"footnotes":""},"class_list":["post-2435","page","type-page","status-publish","hentry"],"yoast_head":"<!-- This site is optimized with the Yoast SEO plugin v27.4 - https:\/\/yoast.com\/product\/yoast-seo-wordpress\/ -->\n<title>Qui\u00e9nes somos<\/title>\n<meta name=\"robots\" content=\"index, follow, max-snippet:-1, max-image-preview:large, max-video-preview:-1\" \/>\n<link rel=\"canonical\" href=\"https:\/\/www.thefertilitydirectory.com\/?page_id=2435&lang=es\" \/>\n<meta property=\"og:locale\" content=\"es_ES\" \/>\n<meta property=\"og:type\" content=\"article\" \/>\n<meta property=\"og:title\" content=\"Qui\u00e9nes somos\" \/>\n<meta property=\"og:url\" content=\"https:\/\/www.thefertilitydirectory.com\/?page_id=2435&amp;lang=es\" \/>\n<meta property=\"og:site_name\" content=\"My Blog\" \/>\n<meta property=\"article:modified_time\" content=\"2024-02-14T13:07:29+00:00\" \/>\n<meta name=\"twitter:card\" content=\"summary_large_image\" \/>\n<meta name=\"twitter:label1\" content=\"Tiempo de lectura\" \/>\n\t<meta name=\"twitter:data1\" content=\"3 minutos\" \/>\n<script type=\"application\/ld+json\" class=\"yoast-schema-graph\">{\"@context\":\"https:\\\/\\\/schema.org\",\"@graph\":[{\"@type\":\"WebPage\",\"@id\":\"https:\\\/\\\/www.thefertilitydirectory.com\\\/?page_id=2435&lang=es\",\"url\":\"https:\\\/\\\/www.thefertilitydirectory.com\\\/?page_id=2435&lang=es\",\"name\":\"Qui\u00e9nes somos\",\"isPartOf\":{\"@id\":\"https:\\\/\\\/www.thefertilitydirectory.com\\\/#website\"},\"datePublished\":\"2024-02-14T10:45:17+00:00\",\"dateModified\":\"2024-02-14T13:07:29+00:00\",\"breadcrumb\":{\"@id\":\"https:\\\/\\\/www.thefertilitydirectory.com\\\/?page_id=2435&lang=es#breadcrumb\"},\"inLanguage\":\"es\",\"potentialAction\":[{\"@type\":\"ReadAction\",\"target\":[\"https:\\\/\\\/www.thefertilitydirectory.com\\\/?page_id=2435&lang=es\"]}]},{\"@type\":\"BreadcrumbList\",\"@id\":\"https:\\\/\\\/www.thefertilitydirectory.com\\\/?page_id=2435&lang=es#breadcrumb\",\"itemListElement\":[{\"@type\":\"ListItem\",\"position\":1,\"name\":\"Portada\",\"item\":\"https:\\\/\\\/www.thefertilitydirectory.com\\\/?page_id=2286\"},{\"@type\":\"ListItem\",\"position\":2,\"name\":\"Qui\u00e9nes somos\"}]},{\"@type\":\"WebSite\",\"@id\":\"https:\\\/\\\/www.thefertilitydirectory.com\\\/#website\",\"url\":\"https:\\\/\\\/www.thefertilitydirectory.com\\\/\",\"name\":\"My Blog\",\"description\":\"My WordPress Blog\",\"potentialAction\":[{\"@type\":\"SearchAction\",\"target\":{\"@type\":\"EntryPoint\",\"urlTemplate\":\"https:\\\/\\\/www.thefertilitydirectory.com\\\/?s={search_term_string}\"},\"query-input\":{\"@type\":\"PropertyValueSpecification\",\"valueRequired\":true,\"valueName\":\"search_term_string\"}}],\"inLanguage\":\"es\"},false]}<\/script>\n<!-- \/ Yoast SEO plugin. -->","yoast_head_json":{"title":"Qui\u00e9nes somos","robots":{"index":"index","follow":"follow","max-snippet":"max-snippet:-1","max-image-preview":"max-image-preview:large","max-video-preview":"max-video-preview:-1"},"canonical":"https:\/\/www.thefertilitydirectory.com\/?page_id=2435&lang=es","og_locale":"es_ES","og_type":"article","og_title":"Qui\u00e9nes somos","og_url":"https:\/\/www.thefertilitydirectory.com\/?page_id=2435&lang=es","og_site_name":"My Blog","article_modified_time":"2024-02-14T13:07:29+00:00","twitter_card":"summary_large_image","twitter_misc":{"Tiempo de lectura":"3 minutos"},"schema":{"@context":"https:\/\/schema.org","@graph":[{"@type":"WebPage","@id":"https:\/\/www.thefertilitydirectory.com\/?page_id=2435&lang=es","url":"https:\/\/www.thefertilitydirectory.com\/?page_id=2435&lang=es","name":"Qui\u00e9nes somos","isPartOf":{"@id":"https:\/\/www.thefertilitydirectory.com\/#website"},"datePublished":"2024-02-14T10:45:17+00:00","dateModified":"2024-02-14T13:07:29+00:00","breadcrumb":{"@id":"https:\/\/www.thefertilitydirectory.com\/?page_id=2435&lang=es#breadcrumb"},"inLanguage":"es","potentialAction":[{"@type":"ReadAction","target":["https:\/\/www.thefertilitydirectory.com\/?page_id=2435&lang=es"]}]},{"@type":"BreadcrumbList","@id":"https:\/\/www.thefertilitydirectory.com\/?page_id=2435&lang=es#breadcrumb","itemListElement":[{"@type":"ListItem","position":1,"name":"Portada","item":"https:\/\/www.thefertilitydirectory.com\/?page_id=2286"},{"@type":"ListItem","position":2,"name":"Qui\u00e9nes somos"}]},{"@type":"WebSite","@id":"https:\/\/www.thefertilitydirectory.com\/#website","url":"https:\/\/www.thefertilitydirectory.com\/","name":"My Blog","description":"My WordPress Blog","potentialAction":[{"@type":"SearchAction","target":{"@type":"EntryPoint","urlTemplate":"https:\/\/www.thefertilitydirectory.com\/?s={search_term_string}"},"query-input":{"@type":"PropertyValueSpecification","valueRequired":true,"valueName":"search_term_string"}}],"inLanguage":"es"},false]}},"yasr_visitor_votes":{"stars_attributes":{"read_only":false,"span_bottom":false},"number_of_votes":0,"sum_votes":0},"_links":{"self":[{"href":"https:\/\/www.thefertilitydirectory.com\/index.php?rest_route=\/wp\/v2\/pages\/2435","targetHints":{"allow":["GET"]}}],"collection":[{"href":"https:\/\/www.thefertilitydirectory.com\/index.php?rest_route=\/wp\/v2\/pages"}],"about":[{"href":"https:\/\/www.thefertilitydirectory.com\/index.php?rest_route=\/wp\/v2\/types\/page"}],"author":[{"embeddable":true,"href":"https:\/\/www.thefertilitydirectory.com\/index.php?rest_route=\/wp\/v2\/users\/1"}],"replies":[{"embeddable":true,"href":"https:\/\/www.thefertilitydirectory.com\/index.php?rest_route=%2Fwp%2Fv2%2Fcomments&post=2435"}],"version-history":[{"count":28,"href":"https:\/\/www.thefertilitydirectory.com\/index.php?rest_route=\/wp\/v2\/pages\/2435\/revisions"}],"predecessor-version":[{"id":2468,"href":"https:\/\/www.thefertilitydirectory.com\/index.php?rest_route=\/wp\/v2\/pages\/2435\/revisions\/2468"}],"wp:attachment":[{"href":"https:\/\/www.thefertilitydirectory.com\/index.php?rest_route=%2Fwp%2Fv2%2Fmedia&parent=2435"}],"curies":[{"name":"wp","href":"https:\/\/api.w.org\/{rel}","templated":true}]}}